5)) + -1.
2
What is the value of 12 - (9 + -5) - 3 - 5?
0
Calculate 7 - (-11 + 7 - -2).
9
What is the value of (-7 + 12 - 12) + 6?
-1
Calculate 3 - (2 + -2) - (6 + 2).
-5
-2 - (-6 + (6 - -2)) - -7
3
Calculate 2 - ((-3 + 1 - 0) + -1).
5
-3 - 1 - (-2 - 2 - 1)
1
Evaluate 0 + 9 + (101 - 105).
5
0 - 1 - 0 - (-2 - -2)
-1
What is -2 + 7 - (3 - 3 - -2)?
3
What is -13 - -6 - ((0 - 4) + -6)?
3
What is the value of -1 - 12 - (16 + -31 - -7)?
-5
Evaluate 5 - (13 + -1 - 2).
-5
Evaluate 1 + (-4 - -13) + -8.
2
Evaluate 2 + -1 - (4 - 6 - -1).
2
Evaluate 1 + -4 + -1 + (-2 - -5).
-1
What is 0 + -4 + 2 + 0?
-2
6 - ((0 - 1) + 6) - 6
-5
What is the value of 0 - (-2 - (3 + -2 + -6))?
-3
Evaluate (6 - 3) + -7 - (0 - 0).
-4
What is -6 + (3 - (-5 + 3)) + -5?
-6
Evaluate 2 - 2 - (4 + -1).
-3
What is 17 + (12 + -10 - 13)?
6
What is (1 - -1) + (4 - 7) + -4?
-5
Calculate (-3 - -1) + 15 + -17.
-4
What is (-10 - -8) + -5 + 10?
3
What is the value of 0 + 12 + -7 - 8?
-3
-13 + 20 - (3 + 9)
-5
What is the value of 3 - (-6 - (-8 - -2))?
3
What is the value of -1 + (5 - (-5 - -4))?
5
What is (5 + 0 - 3 - -1) + -1?
2
Evaluate (9 + 2 - 6) + 5.
10
Evaluate -2 + (-4 - 1) - (5 + -9).
-3
Evaluate 0 + -8 + 8 + -4.
-4
What is -2 - -1 - (-3 + (2 - -1))?
-1
Evaluate 4 + -4 + (3 - -3).
6
Calculate (0 - -1) + (0 - 2 - -4).
3
What is the value of (-1 - -7) + (-103 - -99)?
2
What is 0 + 2 + -2 + -2 + 2?
0
What is 3 - (3 + (5 - 3) + -5)?
3
Calculate -5 + (0 - 0 - (5 - 8)).
-2
What is the value of -2 + -5 - (18 - 21)?
-4
What is 0 - (-2 + 1 - (0 + -1))?
0
(10 - 15) + (0 - -1 - -9)
5
What is the value of -3 + 4 - (0 + -3 + 2)?
2
3 + -2 + 4 + -10
-5
(-3 - -4) + 5 + 3 - 4
5
(4 + -2 - -13) + -7
8
Evaluate 3 + (1 + 0 - 5) - 6.
-7
What is 4 - (-6 + 0 + (-7 - -12))?
5
What is the value of (5 - 0) + (15 - 20)?
0
What is -3 + (-6 - (-7 - (-8 - -7)))?
-3
What is 2 + 3 + (-2 - 6)?
-3
Calculate 7 + -4 - (-7 + (7 - 2)).
5
Calculate -4 + 7 + -8 - 1.
-6
What is the value of -2 + (5 - 9) + 4?
-2
Calculate 48 - 46 - (5 + 1).
-4
What is the value of 1 - (6 + -1 + -1 + -3)?
0
(-2 - -2) + -10 + 5 + 10
5
What is -6 + 1 + -68 + 68?
-5
What is -10 - (-11 + 9 + 0)?
-8
36 + -36 - (0 - (-1 + 3))
2
(-15 + 8 - -3) + (1 - -1)
-2
What is 1 + 6 + (17 - (19 + -3))?
8
Evaluate (5 + -10 - -1) + 5.
1
What is the value of -2 + (9 - (-2 - -4)) - 2?
3
-2 + 11 + -6 - -1 - 8
-4
What is 0 + -3 + 7 - (-3 + 2)?
5
What is 3 - (1 + 4) - (1 + 0)?
-3
Evaluate 2 - -2 - (7 - 4) - 4.
-3
6 + 3 + (-9 - 0) - -2
2
Calculate -6 + (4 - 0 - 1).
-3
Evaluate 2 - (-3 + -3 + 3 + -1).
6
-17 + 13 + 5 + -2
-1
What is the value of 2 + -2 + (-3 - 2)?
-5
Calculate (-1 - 4) + (13 - 3) + -7.
-2
Evaluate -5 - -3 - -2 - -2.
2
What is the value of 4 - (-2 + -5 + (5 - -14))?
-8
0 - (-1 - (2 + 3 + -1))
5
Calculate -4 + 4 + -2 - (-8 + 3).
3
What is (14 - (5 + 2)) + -10?
-3
Calculate 3 + -9 - -10 - 5.
-1
Calculate 1 + (-5 - -3) + 3 + 1.
3
Evaluate 3 + (3 + -6 - (4 + 1)).
-5
-2 + -2 + (4 - 4 - -1)
-3
0 - -7 - (-10 + 16)
1
-8 + -6 + 11 - (-1 - 9)
7
10 + -13 - (2 - 0)
-5
Evaluate (5 - 10) + (4 - 7 - 1).
-9
Calculate 1 - 2 - (13 + (-7 - 12)).
5
Calculate (57 - 46) + (-16 - 0).
-5
Evaluate -1 + (-3 - (-4 + 3)).
-3
-13 - (0 + -11) - 2
-4
What is the value of 3 + (0 - (-3 + 3))?
3
What is -1 - (-3 + 2) - (-36 + 31)?
5
-1 + (5 - 1 - -2) + -9
-4
What is 1 + -2 + (0 - -3) - 3?
-1
What is the value of 0 - 3 - -4 - -1?
2
2 - (1 - -1) - 0
0
What is 4 + -11 - (2 + -8)?
-1
What is the value of 52 + -56 + -1 + -1 + 11?
5
Calculate 1 - (1 - -2 - 2).
0
Calculate 0 + 4 - (0 - (2 + -9)).
-3
What is (-10 + 1 - -3) + (1 - -1)?
-4
-1 - -2 - (-2 + (2 - -6))
-5
What is the value of (-7 - -8 - 7) + -8 + 20?
6
-12 - ((-3 + -1 - 2) + 0)
-6
-4 + (10 - 6) - 3
-3
Calculate 2 + -3 - (8 - 6).
-3
What is the value of -9 + 14 + (2 - 1) + -13?
-7
What is 1 + -2 + 9 - (-46 - -58)?
-4
Evaluate -2 + (-3 + 2 - (0 + 2)).
-5
Evaluate 4 + -3 - -2 - 0.
3
What is -2 - (0 - (0 + (3 - 0)))?
1
Calculate 8 - (3 - -1 - 0).
4
What is 3 + -9 + 4 + -2 + 7?
3
(-11 - (5 + -11)) + 8
3
-4 + -2 + 9 + -3 + -6
-6
Evaluate (-2 - -5) + 2 + -9 + 7.
3
Evaluate (4 - (-2 + 5)) + (2 - 1).
2
What is 2 + -1 + -7 - -7?
1
What is -3 - (1 + -2 + 6)?
-8
6 - (-1 - -1 - -2)
4
What is (8 - 0) + (-97 - -91)?
2
Calculate (5 - 3 - -4 - 17) + 5.
-6
Evaluate -4 - (0 + -1 + -2).
-1
-2 - (2 - 0 - (-1 + 7))
2
Evaluate -5 + 2 + 2 + 0 + 4.
3
Calculate 2 - 0 - (21 - 15).
-4
Evaluate 5 - (7 + -2 + 2).
-2
Evaluate -1 + 4 - (4 - 0).
-1
What is -7 + 1 + (4 - 3)?
-5
What is 1 + -5 + (1 - 2)?
-5
8 - 3 - (2 + 1)
2
Evaluate 1 + -1 + 4 + (1 - 4).
1
Evaluate 1 + (4 - (1 - -1)).
3
What is 8 + 1 + (7 - 3) + -10?
3
What is the value of (6 + -3 - 5) + 3?
1
What is 11 + -5 + -3 + -8?
-5
What is the value of -8 + 7 - -6 - 6?
-1
-3 + 1 + (-5 + 2 - 0)
-5
What is the value of (3 - ((5 - 1) + -1)) + -3?
-3
-8 - (-14 + 8) - -8
6
Evaluate -1 + 2 + (0 - 3) - -3.
1
Calculate -1 - (2 - 6) - (1 + -5).
7
What is the value of (20 - (-8 - -20)) + 0?
8
What is 1 - -1 - (0 + 1) - 0?
1
Evaluate -1 + -4 + (8 - -1).
4
1 + -1 - (45 - 43)
-2
What is the value of -4 + -2 + 7 + -2?
-1
What is -1 - ((1 - 4) + 1) - -3?
4
What is (2 - (-6 + 6)) + (2 - 6)?
-2
What is -8 + 0 - (57 - 60)?
-5
Calculate (-1 + 6 + -3 - 1) + -2.
-1
What is 10 - (3 - (-11 + 4))?
0
What is the value of (-8 - -14 - (1 + 1)) + 4?
8
Evaluate -3 - ((9 - 4) + -4).
-4
What is the value of -4 + (1 - (1 - (2 - 1)))?
-3
What is the value of 0 + (-1 + -5 - 0)?
-6
Evaluate 9 - 7 - (1 + -2).
3
Calculate (-14 + 3 - -4) + 5 - 1.
-3
Calculate -20 - -22 - (1 + -3).
4
Calculate -71 + 59 + 8 + 2.
-2
What is (-9 + 13 - -5) + -4?
5
What is 6 - (-6 + 8 + 8)?
-4
Calculate 2 + 2 + -20 + 14.
-2
-5 + -1 + 1 + 4
-1
Calculate -5 + (-4 + 1 - (4 - 13)).
1
Calculate (-2 - 2) + 4 - 5.
-5
What is -2 + 7 + (-7 - (0 - 5))?
3
What is (-5 - (3 - 15)) + -7?
0
4 + 8 - 8 - (-1 - -8)
-3
-1 + (-2 - -2) + (2 - 4)
-3
Calculate (0 - (2 + 1)) + -2.
-5
(-3 - 1) + 3 - -1 - 2
-2
Calculate -12 - -18 - ((1 - -3) + -2).
4
-3 + 5 + -1 + (-2 - -4)
3
Calculate -9 - (2 - 0) - -7 - 5.
-9
What is the value of 3 + -2 - 3 - (1 - 6)?
3
What is -2 + (-2 + (5 - -1) - 5)?
-3
Calculate 0 - (-1 - -2 - (-6 - -10)).
3
What is -4 - -3 - (2 + -4 + -2)?
3
(17 - 9) + -13 - -16
11
Evaluate 0 + 2 + 0 + -5 + -1.
-4
What is the value of 1 - (-2 + (4 - 1) + -3)?
3
17 + -20 - (0 - 7)
4
What is 4 + (1 - 2 - (2 - 5))?
6
What is -5 + (16 - 7) + 0?
4
(-3 - 7 - -7) + (1 - -1)
-1
Calculate 0 - (-8 + 4 - -2).
2
What is the value of (8 - (10 + -6)) + 0 + 1?
5
Evaluate 7 - (-6 - (1 - 11) - 0).
3
What is 6 + (-7 - -9) - 7?
1
Calculate (1 - 1) + -4 + 4.
0
What is (-6 - (-5 - -10)) + 5?
-6
Evaluate -8 - (-3 - (-2 + 2)).
-5
Calculate -2 + (5 - -2 - 5).
0
Calculate 2 + 0 - (11 + -2 - 6).
-1
What is (-4 - -15) + 7 + -5 + -4?
9
What is the value of -2 + 1 - (-3 - -6 - 3)?
-1
11 + 0 - (68 - 46)
-11
Calculate 3 + (-6 - -4) - 3 - 1.
-3
Calculate (2 + -2 - 0) + 8 - 4.
4
What is the value of (-11 - -9) + 0 + 7?
5
What is 9 + -4 + 9 + -12 + 5?
7
What is (0 - 7) + 14 - 2?
5
Calculate -4 + 9 + -7 + 4.
2
Calculate 4 - (4 + (1 - 1 - 2)).
2
What is 6 - 3 - ((6 - -2) + -8)?
3
Evaluate -4 + 2 + 13 - 12.
-1
What is -14 - -8 - (1 + -1 + 4)?
-10
Evaluate 0 + -4 + (4 + -1 - -3).
2
What is (-4 + 10 - (-2 + -1)) + -2?
7
What is the value of 2 - ((3 - (3 + -3)) + 4)?
-5
What is the value of -4 - (-11 - (3 - 3 - 6))?
1
What is the value of -3 + 2 + (15 - 13)?
1
Evaluate (5 - (4 - 6)) + -3.
4
Evaluate (0 - 9) + (2 - -4) - -6.
3
(0 - -1) + -1 - (3 - 10)
7
What is the value of (-5 - -5) + 1 + 6 - 4?
3
What is the value of 11 - 1 - (12 + -10)?
8
Calculate 10 + (2 - (4 + 8)).
0
-5 - (1 + 0) - (97 - 102)
-1
(-1 - 3) + -16 + 27
7
What is 2 - ((5 - 6) + 1 + 0)?
2
What is the value of 4 - 2 - 0 - (42 + -40)?
0
Calculate (-6 - (3 + -2 - 1)) + 6.
0
What is 9 + (2 - (0 + -1)) + -4?
8
Calculate (5 - 5) + (-1 + -1 - 2).
-4
What is -4 + (5 - (4 + -6 - 0))?
3
(7 - 10) + (8 - (1 - 1))
5
Evaluate -6 + (-2 + (0 - 1) - -5).
-4
What is the value of 3 - ((3 - 2) + 0)?
2
What is the value of -9 + 18 - (-6 + 20)?
-5
-13 - (-19 - 0) - (-1 + 6)
1
What is the value of (-3 + -1 + -1 - -1) + -1?
-5
Evaluate -16 + (7 - (-5 + -1)).
-3
What is 3 + 8 - 5 - (-2 + 1)?
7
-3 - (1 - (6 - 4))
-2
Evaluate -6 - (-3 + -3) - -4.
4
What is 12 + -6 + -1 - 2?
3
What is th